{"id":344,"date":"2021-09-06T07:51:56","date_gmt":"2021-09-06T07:51:56","guid":{"rendered":"https:\/\/doccasfood.es\/?page_id=344"},"modified":"2026-04-14T15:00:23","modified_gmt":"2026-04-14T15:00:23","slug":"doccas-food-compromiso-y-calidad","status":"publish","type":"page","link":"https:\/\/doccasfood.es\/?page_id=344","title":{"rendered":"Doccas Food &#8211; Compromiso y Calidad"},"content":{"rendered":"[vc_row full_width=\u00bbstretch_row_content\u00bb full_height=\u00bbyes\u00bb content_placement=\u00bbmiddle\u00bb css_animation=\u00bbfadeIn\u00bb css=\u00bb.vc_custom_1630913826608{background-image: url(https:\/\/doccasfood.es\/wp-content\/uploads\/2021\/09\/DOCCAS-WEB-RECURSOS_IMG-CALIDAD.png?id=345) !important;background-position: center !important;background-repeat: no-repeat !important;background-size: cover !important;}\u00bb][vc_column width=\u00bb1\/2&#8243; offset=\u00bbvc_hidden-sm vc_hidden-xs\u00bb][\/vc_column][vc_column css_animation=\u00bbfadeIn\u00bb width=\u00bb1\/2&#8243; css=\u00bb.vc_custom_1630919869004{padding-top: -10% !important;padding-right: 15% !important;padding-left: 5% !important;background-color: rgba(255,255,255,0.85) !important;*background-color: rgb(255,255,255) !important;}\u00bb][vc_separator color=\u00bbcustom\u00bb border_width=\u00bb2&#8243; el_width=\u00bb10&#8243; css_animation=\u00bbfadeIn\u00bb accent_color=\u00bbrgba(255,255,255,0.01)\u00bb css=\u00bb.vc_custom_1630659017932{padding-top: 2% !important;}\u00bb]<h3 class=\"frgn-element frgn-title frgn-align-inherit frgn-h3\" style=\"\"><span>\n<h1 style=\"text-align: left;\">Arraigados en la <span style=\"color: #636569;\">tradici\u00f3n<\/span> pero con la mirada puesta en el <span style=\"color: #636569;\">futuro.<\/span><\/h1>\n<\/span><\/h3>[vc_column_text]\n<p style=\"text-align: left;\">Nuestra planta de producci\u00f3n situada en Valencia est\u00e1 dise\u00f1ada para una mayor adaptabilidad a los procesos de fabricaci\u00f3n y una asignaci\u00f3n m\u00e1s eficaz de los recursos. Se sit\u00faa dentro de las plantas inteligentes conocidas como <strong>Planta 4.0.<\/strong><\/p>\n[\/vc_column_text][vc_separator color=\u00bbcustom\u00bb border_width=\u00bb2&#8243; el_width=\u00bb10&#8243; css_animation=\u00bbfadeIn\u00bb accent_color=\u00bbrgba(255,255,255,0.01)\u00bb css=\u00bb.vc_custom_1630659017932{padding-top: 2% !important;}\u00bb][\/vc_column][\/vc_row][vc_row full_width=\u00bbstretch_row_content\u00bb][vc_column css=\u00bb.vc_custom_1630655191701{padding-top: 2% !important;padding-right: 5% !important;padding-left: 5% !important;}\u00bb]<h3 class=\"frgn-element frgn-title frgn-align-inherit frgn-animated-item frgn-duration-normal frgn-fade-in frgn-h3\" style=\"\" data-delay=\"200\"><span>\n<h1 style=\"text-align: center;\">La <span style=\"color: #ffd040;\">industria inteligente<\/span> que cuida de ti y tu entorno.<\/h1>\n<\/span><\/h3>[vc_column_text css_animation=\u00bbfadeIn\u00bb]Nuestros equipos est\u00e1n interconectados, controlados y supervisados por dos unidades centrales, que permiten registrar desde el minuto cero el proceso completo de fabricaci\u00f3n: desde la descarga de las materias primas, pasando por la ejecuci\u00f3n de las recetas de los productos (que se realizan de manera totalmente autom\u00e1tica) hasta la limpieza de los equipos de producci\u00f3n y envasado entre los diferentes lotes y\/o recetas.<\/p>\n<p>Todas las operaciones quedan absolutamente registradas en el Sistema Integral de Trazabilidad. De este modo, cualquier dato dentro de la planta puede ser consultado: temperatura, presi\u00f3n, caudales, tiempos de proceso&#8230; Estos son alguno de los indicadores que nos convierten en <strong>una de las f\u00e1bricas de margarinas m\u00e1s eficientes y modernas:<\/strong>[\/vc_column_text][vc_separator color=\u00bbcustom\u00bb border_width=\u00bb2&#8243; el_width=\u00bb10&#8243; css_animation=\u00bbfadeIn\u00bb accent_color=\u00bbrgba(255,255,255,0.01)\u00bb css=\u00bb.vc_custom_1630659017932{padding-top: 2% !important;}\u00bb][\/vc_column][\/vc_row][vc_row full_width=\u00bbstretch_row_content\u00bb gap=\u00bb25&#8243; css=\u00bb.vc_custom_1630658894485{padding-right: 5% !important;padding-left: 5% !important;}\u00bb][vc_column width=\u00bb1\/4&#8243;][vc_single_image image=\u00bb197&#8243; alignment=\u00bbcenter\u00bb css_animation=\u00bbfadeIn\u00bb css=\u00bb.vc_custom_1630914011844{padding-right: 10% !important;padding-left: 10% !important;}\u00bb]<h3 class=\"frgn-element frgn-title frgn-align-inherit frgn-h3\" style=\"\"><span>\n<h2 style=\"text-align: center;\">7.000m2<\/h2>\n<\/span><\/h3>[\/vc_column][vc_column width=\u00bb1\/4&#8243;][vc_single_image image=\u00bb198&#8243; alignment=\u00bbcenter\u00bb css_animation=\u00bbfadeIn\u00bb css=\u00bb.vc_custom_1630914020895{padding-right: 10% !important;padding-left: 10% !important;}\u00bb]<h3 class=\"frgn-element frgn-title frgn-align-inherit frgn-h3\" style=\"\"><span>\n<h2 style=\"text-align: center;\">9 M\u20ac\u00a0de inversi\u00f3n<\/h2>\n<\/span><\/h3>[\/vc_column][vc_column width=\u00bb1\/4&#8243;][vc_single_image image=\u00bb199&#8243; alignment=\u00bbcenter\u00bb css_animation=\u00bbfadeIn\u00bb css=\u00bb.vc_custom_1630914030022{padding-right: 10% !important;padding-left: 10% !important;}\u00bb]<h3 class=\"frgn-element frgn-title frgn-align-inherit frgn-h3\" style=\"\"><span>\n<h2 style=\"text-align: center;\">25.000TN<br \/>\nanuales de producci\u00f3n<\/h2>\n<\/span><\/h3>[\/vc_column][vc_column width=\u00bb1\/4&#8243;][vc_single_image image=\u00bb200&#8243; alignment=\u00bbcenter\u00bb css_animation=\u00bbfadeIn\u00bb css=\u00bb.vc_custom_1630914036398{padding-right: 10% !important;padding-left: 10% !important;}\u00bb]<h3 class=\"frgn-element frgn-title frgn-align-inherit frgn-h3\" style=\"\"><span>\n<h2 style=\"text-align: center;\">2 laboratorios<br \/>\npropios<\/h2>\n<\/span><\/h3>[\/vc_column][\/vc_row][vc_row full_width=\u00bbstretch_row_content_no_spaces\u00bb content_placement=\u00bbmiddle\u00bb css=\u00bb.vc_custom_1630661139879{background-color: rgba(255,255,255,0.01) !important;background-position: center !important;background-repeat: no-repeat !important;background-size: contain !important;*background-color: rgb(255,255,255) !important;}\u00bb][vc_column css_animation=\u00bbfadeIn\u00bb][vc_separator color=\u00bbcustom\u00bb border_width=\u00bb2&#8243; el_width=\u00bb10&#8243; css_animation=\u00bbfadeIn\u00bb accent_color=\u00bbrgba(255,255,255,0.01)\u00bb css=\u00bb.vc_custom_1630659017932{padding-top: 2% !important;}\u00bb][\/vc_column][\/vc_row][vc_row full_width=\u00bbstretch_row_content_no_spaces\u00bb content_placement=\u00bbmiddle\u00bb css=\u00bb.vc_custom_1630662557872{margin-bottom: 0px !important;border-bottom-width: 0px !important;padding-bottom: 0px !important;background-color: rgba(255,255,255,0.01) !important;background-position: center !important;background-repeat: no-repeat !important;background-size: contain !important;*background-color: rgb(255,255,255) !important;}\u00bb][vc_column css_animation=\u00bbfadeIn\u00bb css=\u00bb.vc_custom_1630663965351{margin-bottom: 0px !important;border-bottom-width: 0px !important;}\u00bb offset=\u00bbvc_hidden-sm vc_hidden-xs\u00bb][vc_single_image image=\u00bb223&#8243; img_size=\u00bbfull\u00bb alignment=\u00bbcenter\u00bb css=\u00bb.vc_custom_1630662805918{margin-bottom: 0px !important;border-bottom-width: 0px !important;}\u00bb][\/vc_column][\/vc_row][vc_row full_width=\u00bbstretch_row_content_no_spaces\u00bb content_placement=\u00bbmiddle\u00bb css=\u00bb.vc_custom_1630662518148{margin-top: 0px !important;border-top-width: 0px !important;padding-top: 0px !important;background-color: #ffd040 !important;background-position: center !important;background-repeat: no-repeat !important;background-size: contain !important;}\u00bb][vc_column css_animation=\u00bbfadeIn\u00bb width=\u00bb2\/3&#8243; css=\u00bb.vc_custom_1630915026812{margin-top: 0px !important;border-top-width: 0px !important;padding-left: 15% !important;}\u00bb offset=\u00bbvc_hidden-sm vc_hidden-xs\u00bb][vc_separator color=\u00bbcustom\u00bb border_width=\u00bb2&#8243; el_width=\u00bb10&#8243; css_animation=\u00bbfadeIn\u00bb accent_color=\u00bbrgba(255,255,255,0.01)\u00bb css=\u00bb.vc_custom_1630659017932{padding-top: 2% !important;}\u00bb]<h3 class=\"frgn-element frgn-title frgn-align-inherit frgn-h3\" style=\"\"><span>\n<h1>Innovaci\u00f3n<br \/>\n&amp; Calidad<\/h1>\n<\/span><\/h3>[vc_column_text css_animation=\u00bbfadeIn\u00bb]\n<p style=\"text-align: left;\">La investigaci\u00f3n y la innovaci\u00f3n son la columna vertebral de nuestra estrategia empresarial y uno de los elementos clave para dirigirnos a un mercado exigente como es el de gran consumo.<\/p>\n<p style=\"text-align: left;\">Disponemos de dos laboratorios propios y una unidad de Investigaci\u00f3n, Desarrollo e Innovaci\u00f3n, con equipos de \u00faltima generaci\u00f3n, que pone todo su empe\u00f1o en conseguir <strong>productos de alta calidad, adaptados a los nuevos h\u00e1bitos de consumo y de alto valor a\u00f1adido.<\/strong><\/p>\n<p style=\"text-align: left;\">Nuestro Equipo Humano en Doccas Food est\u00e1 formado por Ingenieros y Qu\u00edmicos especializados en diversas \u00e1reas de alimentaci\u00f3n y de procesos. Personal cualificado en continua formaci\u00f3n y completamente implicados en la implantaci\u00f3n de m\u00e9todos que aseguren nuestros procesos de producci\u00f3n.<\/p>\n<p style=\"text-align: left;\">Nuestros procesos de producci\u00f3n cumplen los requisitos establecidos por las diferentes <strong>certificaciones de calidad y seguridad<\/strong> alimentarias m\u00e1s estrictas. Algunas de ellas adem\u00e1s certifican una gesti\u00f3n medioambiental sostenible.<\/p>\n[\/vc_column_text][\/vc_column][vc_column width=\u00bb1\/3&#8243; css=\u00bb.vc_custom_1630914942050{padding-right: 15% !important;padding-left: 15% !important;}\u00bb][vc_separator color=\u00bbcustom\u00bb border_width=\u00bb2&#8243; el_width=\u00bb10&#8243; css_animation=\u00bbfadeIn\u00bb accent_color=\u00bbrgba(255,255,255,0.01)\u00bb css=\u00bb.vc_custom_1630659017932{padding-top: 2% !important;}\u00bb][vc_separator color=\u00bbcustom\u00bb border_width=\u00bb2&#8243; el_width=\u00bb10&#8243; css_animation=\u00bbfadeIn\u00bb accent_color=\u00bbrgba(255,255,255,0.01)\u00bb css=\u00bb.vc_custom_1630659017932{padding-top: 2% !important;}\u00bb][vc_separator color=\u00bbcustom\u00bb border_width=\u00bb2&#8243; el_width=\u00bb10&#8243; css_animation=\u00bbfadeIn\u00bb accent_color=\u00bbrgba(255,255,255,0.01)\u00bb css=\u00bb.vc_custom_1630659017932{padding-top: 2% !important;}\u00bb][vc_btn title=\u00bbISO 14001&#8243; shape=\u00bbsquare\u00bb color=\u00bbwhite\u00bb align=\u00bbcenter\u00bb css_animation=\u00bbfadeIn\u00bb button_block=\u00bbtrue\u00bb link=\u00bburl:https%3A%2F%2Fdoccasfood.es%2Fwp-content%2Fuploads%2F2026%2F01%2F14001-CAST-DOCCAS-FOOD-S.L.U._signed.pdf|target:_blank\u00bb][vc_btn title=\u00bbRSPO\u00bb shape=\u00bbsquare\u00bb color=\u00bbwhite\u00bb align=\u00bbcenter\u00bb css_animation=\u00bbfadeIn\u00bb button_block=\u00bbtrue\u00bb link=\u00bburl:https%3A%2F%2Fdoccasfood.es%2Fwp-content%2Fuploads%2F2022%2F08%2FBMC-RSPO-000818.pdf|target:_blank\u00bb][vc_btn title=\u00bbIFS\u00bb shape=\u00bbsquare\u00bb color=\u00bbwhite\u00bb align=\u00bbcenter\u00bb css_animation=\u00bbfadeIn\u00bb button_block=\u00bbtrue\u00bb link=\u00bburl:https%3A%2F%2Fdoccasfood.es%2Fwp-content%2Fuploads%2F2026%2F01%2FCC-IFS-NA-2025-DOCCAS-FOOD-SLU_signed.pdf|target:_blank\u00bb][vc_btn title=\u00bbBRC\u00bb shape=\u00bbsquare\u00bb color=\u00bbwhite\u00bb align=\u00bbcenter\u00bb css_animation=\u00bbfadeIn\u00bb button_block=\u00bbtrue\u00bb link=\u00bburl:https%3A%2F%2Fdoccasfood.es%2Fwp-content%2Fuploads%2F2026%2F01%2FCC-BRC-2025-DOCCAS-FOOD-SLU_signed.pdf|target:_blank\u00bb][vc_btn title=\u00bbHALAL\u00bb shape=\u00bbsquare\u00bb color=\u00bbwhite\u00bb align=\u00bbcenter\u00bb css_animation=\u00bbfadeIn\u00bb button_block=\u00bbtrue\u00bb link=\u00bburl:https%3A%2F%2Fdoccasfood.es%2Fwp-content%2Fuploads%2F2024%2F10%2FCERTIFICADO-HALAL-DOCCAS-2024.pdf|target:_blank\u00bb][vc_btn title=\u00bbPOL\u00cdTICA DE CALIDAD\u00bb shape=\u00bbsquare\u00bb color=\u00bbwhite\u00bb align=\u00bbcenter\u00bb css_animation=\u00bbfadeIn\u00bb button_block=\u00bbtrue\u00bb link=\u00bburl:https%3A%2F%2Fdoccasfood.es%2Fwp-content%2Fuploads%2F2024%2F07%2F240130-MC-04-POLITICA-ED.8.pdf|target:_blank\u00bb][vc_btn title=\u00bbV LABEL\u00bb shape=\u00bbsquare\u00bb color=\u00bbwhite\u00bb align=\u00bbcenter\u00bb css_animation=\u00bbfadeIn\u00bb button_block=\u00bbtrue\u00bb link=\u00bburl:https%3A%2F%2Fdoccasfood.es%2Fwp-content%2Fuploads%2F2025%2F08%2Fcertificado-V-label-RENOVACION-2025-2026-DOCCAS-FOOD-S.L-1.pdf|target:_blank\u00bb][\/vc_column][\/vc_row][vc_row full_width=\u00bbstretch_row_content_no_spaces\u00bb css=\u00bb.vc_custom_1630914501059{margin-top: 0px !important;border-top-width: 0px !important;padding-top: 0px !important;background-color: #ffd040 !important;background-position: center !important;background-repeat: no-repeat !important;background-size: contain !important;}\u00bb][vc_column css=\u00bb.vc_custom_1630914671414{margin-top: 0px !important;border-top-width: 0px !important;padding-top: 0px !important;padding-right: 1% !important;padding-left: 1% !important;}\u00bb][vc_separator color=\u00bbcustom\u00bb border_width=\u00bb2&#8243; el_width=\u00bb10&#8243; css_animation=\u00bbfadeIn\u00bb accent_color=\u00bbrgba(255,255,255,0.01)\u00bb css=\u00bb.vc_custom_1630659017932{padding-top: 2% !important;}\u00bb][vc_images_carousel images=\u00bb346,358,348,349&#8243; img_size=\u00bbfull\u00bb onclick=\u00bblink_no\u00bb slides_per_view=\u00bb4&#8243; hide_pagination_control=\u00bbyes\u00bb hide_prev_next_buttons=\u00bbyes\u00bb][\/vc_column][\/vc_row][vc_row][vc_column][vc_empty_space][vc_single_image image=\u00bb431&#8243; img_size=\u00bb500&#215;215&#8243; alignment=\u00bbcenter\u00bb title=\u00bbUSO DE PALMA SOSTENIBLE\u00bb][vc_column_text]\n<p style=\"text-align: center;\">Doccas Food es uno de los centros productivos pertenecientes al grupo GA Alimentaria, grupo con vocaci\u00f3n internacional muy implicado con el desarrollo de su entorno y en la promoci\u00f3n de una sociedad m\u00e1s justa en t\u00e9rminos econ\u00f3micos, sociales y medioambientales.<\/p>\n<p style=\"text-align: center;\">Desde la compa\u00f1\u00eda utilizamos para varios de nuestros productos el aceite del fruto de la palma, y somos conscientes de la importancia de la trazabilidad de esta materia prima. Es por ello que desde el a\u00f1o 2014 somos miembros activos de la Mesa Redonda del Aceite de Palma Sostenible\u00a0(RSPO\u00a0\u2013\u00a0<a href=\"http:\/\/www.rspo.org\/\">www.rspo.org<\/a>).<\/p>\n<p style=\"text-align: center;\">Nuestros procesos de producci\u00f3n cumplen los requisitos establecidos por cinco certificaciones diferentes de calidad y seguridad alimentarias, dos de las cuales, adem\u00e1s, certifican una gesti\u00f3n medioambiental sostenible.<\/p>\n[\/vc_column_text][vc_images_carousel images=\u00bb443,442,441&#8243; img_size=\u00bbfull\u00bb onclick=\u00bblink_no\u00bb slides_per_view=\u00bb3&#8243; hide_pagination_control=\u00bbyes\u00bb hide_prev_next_buttons=\u00bbyes\u00bb][vc_column_text]\n<p style=\"text-align: center;\">A trav\u00e9s del certficado RSPO se persigue promover la producci\u00f3n y utilizaci\u00f3n de aceite de palma sostenible, totalmente trazable y siendo esencial la adquisici\u00f3n de este ingrediente \u00fanicamente de fuentes que no contribuyan a la deforestaci\u00f3n, la extinci\u00f3n de especies, las altas emisiones de gases efecto invernadero o la violaci\u00f3n de derechos humanos.<\/p>\n[\/vc_column_text][vc_separator color=\u00bbcustom\u00bb accent_color=\u00bb#f3cf4f\u00bb css=\u00bb.vc_custom_1642784209551{padding-top: 8% !important;}\u00bb][vc_separator color=\u00bbcustom\u00bb border_width=\u00bb10&#8243; accent_color=\u00bb#f3cf4f\u00bb][\/vc_column][\/vc_row][vc_row full_width=\u00bbstretch_row_content_no_spaces\u00bb content_placement=\u00bbmiddle\u00bb css=\u00bb.vc_custom_1630915259985{margin-top: 0px !important;border-top-width: 0px !important;padding-top: 0px !important;background-color: #ffffff !important;background-position: center !important;background-repeat: no-repeat !important;background-size: contain !important;}\u00bb][vc_column css_animation=\u00bbfadeIn\u00bb css=\u00bb.vc_custom_1642783777131{margin-top: 0px !important;border-top-width: 0px !important;}\u00bb offset=\u00bbvc_hidden-sm vc_hidden-xs\u00bb]<h3 class=\"frgn-element frgn-title frgn-align-inherit frgn-h3\" style=\"\"><span>\n<h2 style=\"text-align: center;\">DESARROLLOS Y SUBVENCIONES<\/h2>\n<\/span><\/h3>[vc_column_text css=\u00bb.vc_custom_1642783828124{padding-right: 5% !important;padding-left: 5% !important;}\u00bb]\n<h6 style=\"text-align: center;\">\u201cDESARROLLO DE UN NUEVO PREPARADO GRASO SALUDABLE PARA LA INDUSTRIA DE LA ALIMENTACI\u00d3N\u201d \u2013 IMACPA\/2017\/151 PROYECTO REALIZADO CON AYUDA DEL INSTITUTO VALENCIANO DE COMPETITIVIDAD EMPRESARIAL (IVACE) ACOGIDO AL PROGRAMA DE CERTIFICACI\u00d3N DE PROYECTOS DE I+D+I \u2013 2017-IMACPA EMP17 CERTIFICACI\u00d3N DE PROYECTOS DE I+D+I<\/h6>\n<h6 style=\"text-align: center;\">\u201cDESARROLLO DE UN NUEVO PREPARADO GRASO SALUDABLE PARA LA INDUSTRIA DE LA ALIMENTACI\u00d3N\u201d \u2013 IMACPA\/2017\/141 PROYECTO REALIZADO CON AYUDA DEL INSTITUTO VALENCIANO DE COMPETITIVIDAD EMPRESARIAL (IVACE) ACOGIDO AL PROGRAMA DE CERTIFICACI\u00d3N DE PROYECTOS DE I+D+I \u2013 2017-IMACPA EMP17 CERTIFICACI\u00d3N DE PROYECTOS DE I+D+I<\/h6>\n<h6 style=\"text-align: center;\">El PROYECTO HA SIDO CONFINANCIADO POR EL FONDO EUROPEO DE DESARROLLO REGIONAL (FEDER), DENTRO DEL PROGRAMA OPERATIVO FEDER DE LA COMUNIDAD VALENCIANA 2014 \u2013 2020<\/h6>\n[\/vc_column_text][vc_single_image image=\u00bb557&#8243; img_size=\u00bbmedium\u00bb alignment=\u00bbcenter\u00bb][\/vc_column][\/vc_row]\n","protected":false},"excerpt":{"rendered":"<p>[vc_row full_width=\u00bbstretch_row_content\u00bb full_height=\u00bbyes\u00bb content_placement=\u00bbmiddle\u00bb css_animation=\u00bbfadeIn\u00bb css=\u00bb.vc_custom_1630913826608{background-image: url(https:\/\/doccasfood.es\/wp-content\/uploads\/2021\/09\/DOCCAS-WEB-RECURSOS_IMG-CALIDAD.png?id=345) !important;background-position: center !important;background-repeat: no-repeat !important;background-size: cover !important;}\u00bb][vc_column width=\u00bb1\/2&#8243; offset=\u00bbvc_hidden-sm vc_hidden-xs\u00bb][\/vc_column][vc_column css_animation=\u00bbfadeIn\u00bb width=\u00bb1\/2&#8243; css=\u00bb.vc_custom_1630919869004{padding-top: -10% !important;padding-right: 15% !important;padding-left: 5% !important;background-color: rgba(255,255,255,0.85) !important;*background-color: rgb(255,255,255) !important;}\u00bb][vc_separator color=\u00bbcustom\u00bb border_width=\u00bb2&#8243; el_width=\u00bb10&#8243; css_animation=\u00bbfadeIn\u00bb accent_color=\u00bbrgba(255,255,255,0.01)\u00bb css=\u00bb.vc_custom_1630659017932{padding-top: 2% !important;}\u00bb][vc_column_text] Nuestra planta de producci\u00f3n situada en Valencia est\u00e1 dise\u00f1ada para una mayor adaptabilidad a los procesos de [&hellip;]<\/p>\n","protected":false},"author":1,"featured_media":0,"parent":2,"menu_order":0,"comment_status":"closed","ping_status":"closed","template":"page-fullwidth.php","meta":{"footnotes":""},"class_list":["post-344","page","type-page","status-publish","hentry"],"_links":{"self":[{"href":"https:\/\/doccasfood.es\/index.php?rest_route=\/wp\/v2\/pages\/344","targetHints":{"allow":["GET"]}}],"collection":[{"href":"https:\/\/doccasfood.es\/index.php?rest_route=\/wp\/v2\/pages"}],"about":[{"href":"https:\/\/doccasfood.es\/index.php?rest_route=\/wp\/v2\/types\/page"}],"author":[{"embeddable":true,"href":"https:\/\/doccasfood.es\/index.php?rest_route=\/wp\/v2\/users\/1"}],"replies":[{"embeddable":true,"href":"https:\/\/doccasfood.es\/index.php?rest_route=%2Fwp%2Fv2%2Fcomments&post=344"}],"version-history":[{"count":79,"href":"https:\/\/doccasfood.es\/index.php?rest_route=\/wp\/v2\/pages\/344\/revisions"}],"predecessor-version":[{"id":558,"href":"https:\/\/doccasfood.es\/index.php?rest_route=\/wp\/v2\/pages\/344\/revisions\/558"}],"up":[{"embeddable":true,"href":"https:\/\/doccasfood.es\/index.php?rest_route=\/wp\/v2\/pages\/2"}],"wp:attachment":[{"href":"https:\/\/doccasfood.es\/index.php?rest_route=%2Fwp%2Fv2%2Fmedia&parent=344"}],"curies":[{"name":"wp","href":"https:\/\/api.w.org\/{rel}","templated":true}]}}